 by 25?
22
Let f(g) = g - 9 + 4*g + 4*g - g - g**2. Let z be f(6). Suppose 0 = -5*t + z*h + 30, -5*t - 8 - 2 = 5*h. Calculate the remainder when t is divided by 2.
1
Suppose 0 = 3*n - 5*i - 32, -2*n + 14 = 3*i - 39. Calculate the remainder when 27 is divided by n.
8
Let o be ((-296)/2)/(-2) + -2. Let d be (-4)/18 - (-16)/o. Suppose -48 = -d*r - 2*r. What is the remainder when r is divided by 13?
11
Let h be (-1 - 0)/((-3)/15). Let q = h + 7. Let j(p) = -35*p**3 + p + 1. Calculate the remainder when j(-1) is divided by q.
11
Suppose -5*b = 2*x - 0*x - 221, -2 = x. Calculate the remainder when b is divided by 12.
9
What is the remainder when 71 is divided by (25 - 23) + 0 + 20/2?
11
Suppose 60 = p + 4*p. Calculate the remainder when 21 is divided by p.
9
Suppose -r = -0*r - 10. Let j(q) = q**2 + 24*q - 34. Calculate the remainder when j(-26) is divided by r.
8
Calculate the remainder when (-5)/15 - (-322)/3 is divided by (11 - 14)*1*-9.
26
Suppose 2*j + 3*j = 25. Suppose -101 = -j*s + 2*d, 5*s + 4*d + d - 115 = 0. Calculate the remainder when 61 is divided by s.
19
Let g(h) = h**3 + 5*h**2 - 6*h + 7. What is the remainder when 27 is divided by g(-6)?
6
Let q = -272 - -428. Calculate the remainder when q is divided by 53.
50
Suppose 15 = 5*s + q, -3*q - 31 = -5*s + s. Let v(w) = -6*w + w + s*w - 3 - w. Calculate the remainder when v(-5) is divided by 4.
3
Suppose 5*a - 81 = -5*h + 2*h, -4*h = -3*a + 37. What is the remainder when 73 is divided by a?
13
Calculate the remainder when 35 is divided by (-2)/(-8) + (-236)/(-16) + -6.
8
Let a(c) = -c**2 - 8*c + 5 - c - 1. Calculate the remainder when 6 is divided by a(-9).
2
Let q = -14 + 33. Suppose q - 51 = -4*b. Let h(w) = 4*w**3 - 2*w**2 - 1. Calculate the remainder when h(2) is divided by b.
7
Let w(k) = -k**3 + 9*k**2 - 8*k - 3. Let t be w(8). What is the remainder when 36 is divided by 19/((-3 + 0)/t)?
17
Suppose 81 = -5*z - 4*f, 2*z = -3*z + 5*f - 90. Suppose -3*v = 48 - 138. Let y = v + z. What is the remainder when 24 is divided by y?
11
Suppose 173 = 3*d - 5*r - 2, -3*r + 135 = 3*d. What is the remainder when d is divided by 19?
12
Suppose 3*i = b + 242, 6*b = -2*i + 3*b + 154. Calculate the remainder when i is divided by 14.
10
Suppose -205 - 17 = -2*r. Let z be (2/4)/(2/20). Suppose u - 5*y = z*u - r, u = -2*y + 24. Calculate the remainder when u is divided by 12.
10
Suppose 4*p + 0*p = 28. What is the remainder when 11 is divided by p?
4
Suppose -q - 4 = -3*q. Calculate the remainder when 28 is divided by 0 + (14 - q/(-2)).
13
Let w = 20 + -3. What is the remainder when (-140)/30*(-21)/2 is divided by w?
15
Suppose -2*y + 2*a = 3*y - 54, -2*y = a - 27. What is the remainder when 44 is divided by y?
8
Let g(i) = -2*i + 14. Let k be g(12). Let h = 18 + k. What is the remainder when h is divided by 5?
3
Let r(k) = -2*k + 2. Let p be r(-4). Calculate the remainder when (p/15)/((-2)/(-57)) is divided by 10.
9
Let l be -7*(-3 - (-30)/14). Let c be 4/l + 399/9. Suppose 2*k = 5*i - 56, -c = -3*i - k + 6*k. Calculate the remainder when i is divided by 6.
4
Suppose -5 = 3*g + 7, -3*c = 4*g + 7. Suppose n + 4*r = -n - 4, c*r = -3*n + 3. What is the remainder when 10 is divided by n?
2
Suppose -n - 3*j - 15 = 0, -4*n + 5*j = j - 20. Suppose -3*c + 12 = -n*c, -5*c + 36 = 4*v. What is the remainder when 10 is divided by v?
2
Let d(i) = -i**2 + 11*i + 4. What is the remainder when 99 is divided by d(5)?
31
Let l = 20 + -3. Calculate the remainder when 33 is divided by l.
16
Suppose 6 = 2*t - 18. Calculate the remainder when 45 is divided by t.
9
Suppose 0*s - 4*s - 624 = 0. Let a be s/(-18) + 2/(-3). Suppose 5*i + 3*f = 6*f + 28, -2*i + 2*f + a = 0. What is the remainder when i is divided by 3?
2
Let f = 0 + 0. Let n(u) = -5*u**3 - 4*u**2 - 4*u - 3. Calculate the remainder when n(-2) is divided by f + 1 + 0 - -14.
14
Let t(m) = 17*m - 1. Calculate the remainder when t(9) is divided by 39.
35
Let p(i) be the second derivative of i**5/20 + i**4/12 - i**3/6 + 3*i**2/2 - i. Let f be p(0). What is the remainder when 14*(f/2 + 0) is divided by 11?
10
Let h(z) be the third derivative of 0*z + 1/3*z**3 - 7/60*z**5 + 1/120*z**6 - 1/4*z**4 + z**2 + 0. Calculate the remainder when h(8) is divided by 10.
8
Let l(w) = -w**2 + 10*w - 12. Let t be l(8). Let i = t + 0. Calculate the remainder when 11 is divided by i.
3
Suppose -k = -2*c - 2, -3*k - 2*c + 5*c + 9 = 0. Suppose -i + k*i = 12. Calculate the remainder when 7 is divided by i.
3
Suppose -3*k + 15 = -5*s, -4*s - k = 4*k + 12. Let m = s + 8. Suppose m*u - 66 = 3*h, -4*u + 0*h + 3*h = -51. Calculate the remainder when 29 is divided by u.
14
Let r = 8 + -6. Suppose -3*o = r*g - 8*o - 58, 2*g + o - 34 = 0. What is the remainder when g is divided by 5?
4
Let p(j) = -j**3 + 11*j**2 - 11*j + 3. Let x be p(10). Let k(i) = i**3 - 4*i**2 - 2*i. What is the remainder when -88*(x/2 + 3) is divided by k(5)?
14
Suppose 2*b = m + 35, 85 = -0*b + 5*b - 3*m. Let r(a) = -a**2 - 7*a - 5. Let o be r(-6). What is the remainder when b is divided by 7*(-2 - -3)/o?
6
Suppose 0 = -2*m + 5*m - 45. Suppose -5*i + 0*g - 2*g = -210, -i + 42 = -5*g. What is the remainder when i is divided by m?
12
Suppose -5*a + 20 = -0*a. Let v be 1 - 2 - (15 + -2). What is the remainder when (-200)/v - 4/14 is divided by a?
2
Suppose -25 = -0*n - 5*n. Let b = 8 - n. Suppose -3*u - 34 = -b*l + l, -3*l - 5*u = -13. What is the remainder when 20 is divided by l?
9
Let w(b) = b**2 + 5*b - 6. Let i be w(-5). Let p = -3 - i. Calculate the remainder when 3 is divided by p.
0
Suppose 175 + 29 = 3*q + r, 5*r = -15. Calculate the remainder when q is divided by 7.
6
Suppose -1 = -3*u - 5*z + 2, -3*z = 2*u - 3. Let h be (1 - (-26)/u)*3. What is the remainder when (-4)/(4/(-2))*h is divided by 17?
15
Let j = 12 - 5. Calculate the remainder when 20 is divided by j.
6
Let t be 1467/(-27)*(4 - 1). Let k = -105 - t. Suppose 4*o - 40 = 2*o. Calculate the remainder when k is divided by o.
18
Suppose 2*i - 26 = 2. What is the remainder when (-1)/1 + (-108)/(-4) is divided by i?
12
Let u(c) = c**3 + c**2 - c + 30. Let v be u(0). Suppose -5*h + 4*j = -v - 38, 4*j = -8. What is the remainder when 34 is divided by h?
10
Suppose 21 = 2*s - 15. Calculate the remainder when s is divided by ((-1)/2)/((-3)/42).
4
Suppose -10 - 6 = -2*c. What is the remainder when c is divided by 4?
0
Suppose -z - 2 = 0, -3*i - 3*z = -5*z - 49. What is the remainder when 57 is divided by i?
12
Suppose 2*d - s = 10 + 9, 3*s = 4*d - 39. Calculate the remainder when d is divided by 6.
3
Let h(a) = -9*a**3 + 3*a**2 + 11*a - 3. Let q(w) = -5*w**3 + w**2 + 5*w - 1. Let b(k) = 4*h(k) - 7*q(k). What is the remainder when b(6) is divided by 4?
1
What is the remainder when 47 is divided by 14 + -1 + (-9 - -9)?
8
Let i = -38 + 60. Calculate the remainder when 85 is divided by i.
19
Let v be (-2)/(-10) - (-1)/(-5). Suppose 4*c + 5*p - 22 = v, 0*p = 4*c + p - 30. What is the remainder when 15 is divided by c?
7
Let t = -35 + 46. Calculate the remainder when 19 is divided by t.
8
Suppose 39*w = 44*w - 1220. Calculate the remainder when w is divided by 19.
16
Suppose 0*n = -3*n - 15. Let f = n + 9. Let q = 20 - 14. Calculate the remainder when q is divided by f.
2
Let s = 19 + -8. What is the remainder when s is divided by 6?
5
Let t = -263 + 376. Calculate the remainder when t is divided by 29.
26
Suppose -66 = -2*j + 4*j. Let b = 4 + -22. Calculate the remainder when (6/b)/(1/j) is divided by 4.
3
Let z(k) = k - 8. Suppose -46 = -2*c + 2. Let v = c - 13. Calculate the remainder when v is divided by z(14).
5
Suppose 0*d - 4*s + 6 = -3*d, 4*d + 2*s - 14 = 0. Suppose 20 = -d*m + 7*m. Suppose -m*l + 111 = 23. Calculate the remainder when l is divided by 8.
6
Suppose y + 1 = w, -3*w - 3*y + y = -8. Suppose 2*c = 2*b - w, -2*c = -5*b - 4*c + 33. Calculate the remainder when b is divided by 2.
1
Suppose -2*x + 3*x = 3. Suppose -2*z - d + 8 = -0*z, -6 = -3*z - x*d. Let i(s) = s**2 - 3*s - 8. What is the remainder when 19 is divided by i(z)?
9
Suppose 0*g + 12 = 5*c - 4*g, 0 = c - 2*g. What is the remainder when 8 is divided by c?
0
Let k(p) = -5*p + 4 - 4 - 7. Calculate the remainder when 21 is divided by k(-3).
5
Let n = -8 + 27. Calculate the remainder when 56 is d